g. What is the highest common divisor of 2 and c?
2
Let u be (75/9)/5*75. Calculate the greatest common factor of u and 75.
25
Suppose -5*c + 0*c = -3*z - 34, 30 = 3*c - 5*z. Suppose -39 = -c*h + 26. Calculate the highest common factor of 117 and h.
13
Let u(l) = -l**3 + 10*l**2 + 12*l - 7. Let o be u(11). Suppose 2*r = 2*j - 3*j + 520, 1036 = 4*r + o*j. What is the highest common divisor of r and 29?
29
Suppose 2*v + 6 - 12 = 0. Suppose 7*b - 2*m - 45 = 2*b, -20 = -5*b - v*m. Let h = 1 + b. Calculate the greatest common factor of 2 and h.
2
Let h = -1212 - -1372. What is the greatest common factor of 32 and h?
32
Let p be (-1 + 78)*(-8 + 136/14). What is the highest common divisor of p and 24?
12
Let b = 19 + -20. Let i be -2 - 104/(b - 3). Let d be ((-15)/(-10))/((-3)/(-16)). Calculate the highest common factor of d and i.
8
Suppose 39*o - 36*o - 57 = h, h = 0. Let c(w) = w**3 + 6*w**2 - 3*w - 2. Suppose -2*j - 14 = -4. Let s be c(j). What is the highest common factor of o and s?
19
Suppose 5*x + 32 = s + 121, 2*s + 88 = 5*x. Let b(i) = 2*i**3 - 2*i**2 - 6*i + 4. Let p be b(3). Let g = p + x. What is the highest common divisor of 8 and g?
8
Let z(s) = 8*s**2 - 3. Let j be z(2). Let h = j - 35. Let v be (-4)/h*(-3)/(-2). Calculate the highest common divisor of v and 2.
1
Let d(c) = c**3 + 21*c**2 - 30*c + 60. Let p be d(-18). What is the greatest common divisor of p and 12?
12
Suppose -7 = -i + 5. Suppose -5*q - 350 = -2*t, 3*t - 3*q = -q + 536. Suppose 17*z = 12*z + t. Calculate the greatest common divisor of z and i.
12
Let r = 15 - -1. Let d be r/32 - 14/4. Let w be (-2)/d - 88/(-12). What is the greatest common factor of w and 8?
8
Let z(p) = p**2 - 8*p - 9*p**2 + 0 - p**3 + 0*p**2 - 2. Let n be z(-7). Suppose 0 = 8*w - n*w - 30. Calculate the greatest common factor of w and 25.
5
Suppose 5*i - 20 = -0*i. Suppose -i*s = -16 + 4. What is the greatest common divisor of s and 15?
3
Let w(u) = -11*u - 7. Let s be w(3). Let g = s + 82. Let y = g + -30. Calculate the highest common divisor of y and 60.
12
Let i(p) = 3*p. Let n be i(-7). Suppose 6*z + 17 = 7*z. Let v = z - n. Calculate the highest common divisor of v and 19.
19
Let j(p) = -6 - 12 - 13*p + 6*p**2 - 7*p**2. Let g be j(-11). Suppose -2 = -g*k + 6. Calculate the highest common factor of 4 and k.
2
Let k be (-7 - -2)*(-6)/45*3. Let p be (0 + -1 - k)/((-3)/38). Calculate the highest common factor of p and 19.
19
Let l = -18 + 31. Suppose 2*h + 2*s = 10, 2*h - 6*h - 10 = -2*s. Suppose h = -4*g - 0*g + 208. Calculate the greatest common divisor of l and g.
13
Let p = -321 + 482. Let z(w) = -3*w + 0*w + 23 + w**3 - w**2 + w + 4*w. Let x be z(0). Calculate the greatest common factor of p and x.
23
Suppose -4*q = 4*i - 472, -88 = 3*q - i - 438. What is the greatest common factor of q and 18?
9
Let a(f) = f**3 - 4*f**2 + 16*f + 1. Let l be a(9). What is the greatest common divisor of 50 and l?
50
Suppose -6*h + 3*h = 6. Let w be h/9 - (-272)/9. Let k(f) = -46*f - 266. Let v be k(-6). What is the highest common factor of v and w?
10
Let v be (-10)/6*27/(-9). Suppose 0 = -v*n + n + 36. Let p = -7 - -10. Calculate the greatest common divisor of n and p.
3
Let i be (7/3 + 2/(-6))*124. Let r = -61 + i. Calculate the highest common divisor of 17 and r.
17
Let y be (-1*1/4)/(73/(-4964)). Let x = -1 + 5. Suppose -3*t - 17 = -x*t. What is the greatest common factor of t and y?
17
Let f = 262 - 64. Let l(j) = -2*j + 5. Let h be l(-9). Suppose 4*o - 49 = h. Calculate the greatest common divisor of o and f.
18
Suppose -3*c = 2*z - 6*z + 728, 0 = 3*c - 12. Let g = z + -100. Calculate the highest common factor of g and 51.
17
Let s be 20/12 + 2/(-3). Let k(l) = 62*l + 1. Let n be k(s). Suppose -26*t + 82*t = 392. Calculate the greatest common factor of t and n.
7
Let z be 8/(-10)*(-15)/12*2. Suppose -3*s + 1980 = z*s. What is the highest common factor of s and 36?
36
Suppose -113 = -4*g + t + 84, -g = 2*t - 56. Calculate the highest common factor of g and 10.
10
Let v be ((-312)/32)/(2/(-8)). What is the highest common factor of 91 and v?
13
Let d = -385 - -426. Calculate the greatest common divisor of 328 and d.
41
Let l be 99/7 - (-2)/(-14). Suppose 15*h - l*h - 16 = 0. Suppose 0 = 2*y + w - 2, -3*w - w = y + 6. What is the greatest common divisor of y and h?
2
Suppose -5*x - 5*q + 4*q = -199, x + 5*q = 35. What is the highest common divisor of 110 and x?
10
Suppose 77*j = 82*j - 215. Suppose -3*x - 40 = -j. Calculate the highest common divisor of x and 13.
1
Suppose k = 4*q + 22, 0*k + 3*k - 3*q - 39 = 0. Suppose 128 = -k*g + 418. What is the highest common factor of 203 and g?
29
Let d = -1415 - -1461. Calculate the greatest common divisor of 1357 and d.
23
Let n(r) = 36*r + 451. Let g be n(-12). What is the highest common factor of 1482 and g?
19
Let u(j) = j**2 + 36*j + 327. Let m be u(-21). What is the highest common divisor of m and 2616?
12
Let l = 42 + -39. Suppose 0 = 2*j + 5*x - l*x - 88, 0 = -j + 5*x + 20. What is the greatest common divisor of 16 and j?
8
Let d(w) = 267*w**3 - w**2 - w. Let n be d(-1). Suppose 2*t + 177 = 935. Let i = t + n. Calculate the greatest common divisor of i and 14.
14
Let r(w) = w**2 - 31*w + 7. Let k be r(32). Suppose 4*j + 8 = 5*n + 29, n - k = -4*j. What is the highest common factor of j and 6?
3
Let i(f) = f**2 + 36*f - 179. Let q be i(5). Let j(h) = 27*h - 4. Let u be ((-4)/6)/(5/(-30)). Let z be j(u). Calculate the greatest common divisor of z and q.
26
Let z = 52 - 54. Let p be (4/z)/((-2)/132). Calculate the greatest common factor of 33 and p.
33
Let o(x) = -167*x + 1848. Let j be o(11). Let n = -3 + 4. What is the greatest common factor of j and n?
1
Suppose 5*h - 8*h = -9. Suppose -h*r + c - 85 = -366, -r = c - 87. Calculate the highest common factor of 230 and r.
46
Let u = -27 + 32. Let k be (-6)/(-15) + (-32)/u. Let n be (192/(-80))/(k/160). What is the greatest common divisor of n and 32?
32
Let k(g) = -g**3 + 14*g**2 + 4*g + 20. Suppose 0 = 4*j + 10*j - 196. Let m be k(j). What is the highest common factor of m and 19?
19
Let f = -4 - -9. Suppose 5 = -c, -82 = -f*m + m - 2*c. Let w be 3*((-644)/(-3))/7. Calculate the greatest common factor of w and m.
23
Let g = 480 - 469. Suppose 5*q - 4*u - 37 = 0, q - 3*u + 15 = 2*q. Suppose 0 = c - 53 + q. Calculate the highest common factor of c and g.
11
Suppose -3*c + 7*c - 3*j - 115 = 0, 3*j + 40 = c. Suppose -5*x + 5 = c. Let w = 7 - x. Calculate the greatest common factor of 1 and w.
1
Let r = -108 + 113. Suppose 2*n + 2*n - 82 = r*p, -3*n - 3*p = -48. What is the highest common divisor of 18 and n?
18
Suppose 4*x - 29 = -5. Suppose -3*t = -0 - x. Suppose 0 = t*g - 12 - 4. What is the highest common factor of 32 and g?
8
Suppose 3*s - 3*r + 95 = 8*s, -r = 5*s - 85. Let c(t) = t - 2. Let f be c(s). Calculate the greatest common factor of 70 and f.
14
Let y be (4/(-10)*5 - -35)/1. Calculate the greatest common divisor of 99 and y.
33
Let r(z) be the second derivative of 5/2*z**2 + 0 - 1/20*z**5 - 7*z + 7/12*z**4 + 2/3*z**3. Let p be r(7). Calculate the highest common factor of 11 and p.
11
Let j be (12*(-90)/27)/(1/(-2)). What is the highest common factor of 5 and j?
5
Let p = -1283 - -1803. Suppose -t - 193 = -y, -2*y + t + p = 138. Suppose -5*c = -8*c + y. Calculate the greatest common factor of c and 7.
7
Suppose 3*t = 2*v - 22, -4*v = -t + 4*t - 8. Suppose 3*j - v*m = -0*j + 29, 0 = 4*m + 4. What is the greatest common factor of j and 8?
8
Suppose -3*y = -0*y - 3, 2*r = -y + 3. Let n be -1 + 9 + (r - 4). Suppose -28 = -d - 2*a, -113 + 28 = -n*d + a. What is the greatest common factor of d and 12?
6
Let n(c) = 4*c**2 + 13*c - 60. Let m be n(8). What is the greatest common divisor of m and 25?
25
Suppose y = -5*m + 368, 3*y - 3*m - m - 1009 = 0. Suppose -7*g + y = 35. Calculate the greatest common factor of g and 11.
11
Let r = -47 + 51. Suppose r*m = c - 52, -4*c - c = -m - 203. What is the highest common factor of 100 and c?
20
Let c be (-3)/(-21) - -12*(-4)/(-56). Calculate the highest common divisor of 9 and c.
1
Let n = -1 + 7. Suppose 40*d - 104 = -12*d. Calculate the greatest common factor of n and d.
2
Suppose -p - 249 = 5*x - 23, 4*x + 645 = -3*p. Let v be (-6)/33 + p/(-11). What is the highe